{"id":41,"date":"2015-05-24T21:02:35","date_gmt":"2015-05-24T21:02:35","guid":{"rendered":"http:\/\/isas.com.br\/?page_id=41"},"modified":"2025-01-11T11:19:48","modified_gmt":"2025-01-11T11:19:48","slug":"rpg","status":"publish","type":"page","link":"http:\/\/isas.com.br\/index.php\/rpg\/","title":{"rendered":"RPG"},"content":{"rendered":"<p style=\"text-align: center;\"><img decoding=\"async\" loading=\"lazy\" class=\" wp-image-42 aligncenter\" src=\"http:\/\/isas.com.br\/wp-content\/uploads\/2015\/05\/rpg-300x180.jpg\" alt=\"rpg\" width=\"388\" height=\"233\" srcset=\"http:\/\/isas.com.br\/wp-content\/uploads\/2015\/05\/rpg-300x180.jpg 300w, http:\/\/isas.com.br\/wp-content\/uploads\/2015\/05\/rpg.jpg 1000w\" sizes=\"(max-width: 388px) 100vw, 388px\" \/><\/p>\n<p>Cuida dos desequil\u00edbrios da musculatura e desarmonias do corpo humano, trabalhando diretamente a causa destes desequil\u00edbrios adquiridos no dia a dia e compreendo o indiv\u00edduo em sua totalidade.<\/p>\n<p><strong>Consulta: R$ 180,00<\/strong><br \/>\n<strong>Sess\u00e3o: R$ 120,00<\/strong><\/p>\n","protected":false},"excerpt":{"rendered":"<p>Cuida dos desequil\u00edbrios da musculatura e desarmonias do corpo humano, trabalhando diretamente a causa destes desequil\u00edbrios adquiridos no dia a dia e compreendo o indiv\u00edduo em sua totalidade. Consulta: R$ 180,00 Sess\u00e3o: R$ 120,00<\/p>\n","protected":false},"author":1,"featured_media":0,"parent":0,"menu_order":0,"comment_status":"open","ping_status":"open","template":"","meta":[],"_links":{"self":[{"href":"http:\/\/isas.com.br\/index.php\/wp-json\/wp\/v2\/pages\/41"}],"collection":[{"href":"http:\/\/isas.com.br\/index.php\/wp-json\/wp\/v2\/pages"}],"about":[{"href":"http:\/\/isas.com.br\/index.php\/wp-json\/wp\/v2\/types\/page"}],"author":[{"embeddable":true,"href":"http:\/\/isas.com.br\/index.php\/wp-json\/wp\/v2\/users\/1"}],"replies":[{"embeddable":true,"href":"http:\/\/isas.com.br\/index.php\/wp-json\/wp\/v2\/comments?post=41"}],"version-history":[{"count":6,"href":"http:\/\/isas.com.br\/index.php\/wp-json\/wp\/v2\/pages\/41\/revisions"}],"predecessor-version":[{"id":1922,"href":"http:\/\/isas.com.br\/index.php\/wp-json\/wp\/v2\/pages\/41\/revisions\/1922"}],"wp:attachment":[{"href":"http:\/\/isas.com.br\/index.php\/wp-json\/wp\/v2\/media?parent=41"}],"curies":[{"name":"wp","href":"https:\/\/api.w.org\/{rel}","templated":true}]}}